the prime factors of n(s).
7
Suppose 332 = 4*p - 4*k, -k + 110 = 4*p - 232. List the prime factors of p.
5, 17
Let o(d) = -d**3 + d**2 + 36. Let v be o(0). Suppose -4*s - 8 = -v. List the prime factors of s.
7
Let x = -5 + 8. Let p(d) = 2*d**2 + 5*d - 5*d + 0*d - x + 2*d. List the prime factors of p(2).
3
Let n(a) = a**2 + 4*a - 1. Let y(j) = j**3 + j**2 - 1. Let b be y(-2). List the prime factors of n(b).
2
Let a(v) = 2*v + 7. List the prime factors of a(3).
13
Let v(z) = z**2 - 3*z - 1. List the prime factors of v(-3).
17
Suppose -4*j + 19 - 3 = 0. Suppose 3*q - j = 2*q. What are the prime factors of q?
2
Let t(q) = -7*q**3 - 12*q**2 + 9*q - 1. Let a(c) = 20*c**3 + 35*c**2 - 26*c + 4. Let d(f) = 6*a(f) + 17*t(f). What are the prime factors of d(-6)?
5
Let r(l) = 4*l - 16. Let o be r(11). Let z = o + -20. What are the prime factors of z?
2
Let p = -72 + 142. What are the prime factors of p?
2, 5, 7
Suppose -o + 5*u = -63 - 13, -4*u - 304 = -4*o. What are the prime factors of o?
2, 19
Let p = 1 + -5. Let h = p - -2. Let z = h - -9. List the prime factors of z.
7
Let o(p) = 2*p**2 - 1. Let l(k) = -k - 4. Let z be l(-3). Let n be o(z). Suppose -c + n + 5 = 0. What are the prime factors of c?
2, 3
Let z = -10 + 15. Suppose 3*g - 142 = 2*t, 5*g - z*t + 36 - 276 = 0. List the prime factors of g.
2, 23
Let i = 165 - 101. What are the prime factors of i?
2
Let g be (-1273)/(-2) - 6/4. Suppose 0 = -f - g - 7. What are the prime factors of f/(-42) + 2/(-7)?
3, 5
Suppose 387 = 3*i - 3*d, -5*i + 933 = d + 282. List the prime factors of i/11 + 4/22.
2, 3
Let b = 268 + -16. What are the prime factors of b?
2, 3, 7
Let w(o) = -o - 11. Let q be w(-7). Let n = -1 - q. Suppose -n*s + 8*s - 49 = -4*r, 0 = -4*s + 20. What are the prime factors of r?
2, 3
Let j(i) = 2*i**2 + 9*i + 5. What are the prime factors of j(-7)?
2, 5
Suppose -j + 4*j = -45. Let z = j + 39. What are the prime factors of z?
2, 3
Suppose p - 9 = -3. Let d = -10 + p. Let a = d - -14. List the prime factors of a.
2, 5
Suppose 2*j - 6*j = 0. Let c = j + 1. List the prime factors of 1/c - (-8 - 0).
3
Let l be -2*(2 + 0 - 3). Suppose -3*t = -l*t - 13. What are the prime factors of t?
13
Suppose 5 = -a + 12. List the prime factors of a.
7
Suppose -2*d = 3*i - 131, i + 126 = 4*i - 3*d. List the prime factors of i.
43
What are the prime factors of (273/(-28))/(-13) + (-85)/(-4)?
2, 11
Let n(f) = -2*f - 6. Let c be n(-4). Suppose x + 2*x = -2*a + 89, 0 = 3*a + c*x - 121. List the prime factors of a.
37
Suppose 0 = 3*b - 4 + 1. Let q be b - (1 - (-1 - 6)). Let f(w) = -w + 1. What are the prime factors of f(q)?
2
Suppose 5*w - 118 = 2*x - 6*x, 19 = x - 4*w. List the prime factors of x.
3
Let c(h) = -111*h**3 + 2*h + 1. List the prime factors of c(-1).
2, 5, 11
Suppose 2*p - 77 = -5*f + 57, -5*p = f - 381. List the prime factors of p.
7, 11
Let z(v) = 2*v**3 - v**2 + 2*v - 1. Let w be z(1). List the prime factors of 1/((4/10)/w).
5
Let t(w) = -6*w - 6. Let k be t(-3). Suppose -24 - k = -3*q. What are the prime factors of q?
2, 3
Let s(i) = i - 1. Let m be s(10). Let y = 12 - m. What are the prime factors of (-36)/(-5 + 2) - y?
3
Let i(r) = -r**2 - r + 2. Let g be i(-2). Suppose -4*n + 24 = -g. What are the prime factors of n?
2, 3
Let c = 9 + -3. Let n(q) = -q + 13. List the prime factors of n(c).
7
Suppose -2*d + 3 = -65. What are the prime factors of d?
2, 17
Let z = 28 - 18. Suppose t = 5*w + 2*t - z, 15 = -3*t. What are the prime factors of w?
3
Suppose u = 2, 0 = 2*k - 0*k - 3*u - 316. List the prime factors of k.
7, 23
Let r(z) = 14*z**2 + z. Let l be (-21)/14*(-4)/6. What are the prime factors of r(l)?
3, 5
Suppose 0 = 5*a + 4*g - 64, 3*a - 54 = -2*g - 16. Suppose -b - 2*b = a. Let s(o) = o + 7. List the prime factors of s(b).
3
Let p(c) = c**2 - c + 1. Let s be p(2). Let h be s*3/9 - -9. Suppose -4*b + 0 = 5*m + 6, 3*m - b = h. List the prime factors of m.
2
Let j = 155 - -180. What are the prime factors of j?
5, 67
Suppose -3*q = -9 + 3. Suppose q*w = 4*w - 20. List the prime factors of w.
2, 5
Suppose -5*i = -3*n - n + 839, 4*n - i = 843. List the prime factors of n.
211
Let c(n) = -n**3 - n**2 + 24. Let p be (0*(-2 + 1))/1. List the prime factors of c(p).
2, 3
Suppose 0 = -y - 2*y + 9. Suppose -2*i = 4*z + 13 - 91, -5*i - 5*z + 200 = 0. Suppose 0 = -2*b - 5*u + 31, i = 4*b + 2*u + y. What are the prime factors of b?
2
Let k(l) = -13*l - 17. Let g be k(-7). Let i = g - 44. What are the prime factors of i?
2, 3, 5
Let c be ((-1)/((-3)/(-6)))/2. Let b be -1 + -1 + (-8)/c. Suppose 4*n = b*n - 22. List the prime factors of n.
11
Let x = 11 - 9. Suppose 46 = -2*k - x. What are the prime factors of 97/5 + k/(-40)?
2, 5
Suppose -3*u = -5 - 7. What are the prime factors of 94/u - (-3)/(-6)?
23
Let q(i) = -i**3 + i**2 + 2*i + 191. List the prime factors of q(0).
191
Let x = 56 - 37. Let j = -11 + x. What are the prime factors of j?
2
Let r(y) = -y**2 - 5*y + 1. Let a(u) = 2*u + 4. Let i be a(-4). What are the prime factors of r(i)?
5
Let h = 4 - -2. Suppose 3*b - 3 = -2*j, j - b - 5 = -h*b. Suppose -g + j*g + 14 = 0. List the prime factors of g.
2, 7
What are the prime factors of 111/2 + (-8)/(-16)?
2, 7
Let q(o) = -5*o + 46. What are the prime factors of q(-5)?
71
Let r = 87 + -6. What are the prime factors of r?
3
Suppose -250 = -2*z - 3*z. List the prime factors of z.
2, 5
Let f = 38 - -14. What are the prime factors of f?
2, 13
Let q(d) = -d**2 + 8*d - 7. Let i be q(5). Let n = 4 - i. What are the prime factors of (0 - -4) + (-3 - n)?
5
Let q(l) = -10*l - 10. Suppose -2*h + 3*h + 7 = 0. Let i be q(h). Suppose -3*x - 2*x + i = 0. What are the prime factors of x?
2, 3
Suppose m + 3*m + 16 = 0, -2*m - 12 = 4*p. Let a = 4 + p. Suppose -2*i + 32 = 3*y, a*y + y - 2*i = 24. What are the prime factors of y?
2
Suppose 139 = 5*l - 3*d, 97 = 2*l + l + 5*d. What are the prime factors of l?
29
What are the prime factors of 504/14 + 1 + 1?
2, 19
Let k = -77 + 109. What are the prime factors of k?
2
Let p be (-90)/(-5)*(-1)/(-3). Suppose -p*r = -2*r - 28. What are the prime factors of r?
7
What are the prime factors of 0 - -123 - (-6 - -9)?
2, 3, 5
What are the prime factors of (-4 + 6/4)*-2?
5
Let b = 42 - 20. What are the prime factors of b?
2, 11
Let f(m) = -m**2 + m + 5. Let z be f(0). Suppose 5*r + 5*b = 250, 3*r + r + z*b = 203. What are the prime factors of r?
47
Let z be (-401)/(-7) - (-4)/(-14). Suppose b = -2*b + z. What are the prime factors of b?
19
Let m(b) = -b**3 - 7*b**2 + 2*b + 6. Let h be m(-8). Suppose 0*q = -3*q + h. What are the prime factors of q?
2, 3
Suppose 42 = 16*q - 9*q. List the prime factors of q.
2, 3
Let v(m) = -7*m + 3. Let w be v(-4). Suppose -5*o - 35 = 5*j, w - 7 = -2*o + 3*j. Let f = o - -19. What are the prime factors of f?
2, 5
Suppose -5*u + 172 = k, -5*k - 4*u + 472 = -304. List the prime factors of k.
2, 19
Suppose 3*m = 5*i - 10, 0*i - 4*m + 10 = -2*i. Suppose i = d - 10. List the prime factors of d.
3, 5
Let b = 3 + 5. Suppose -7*d - 36 = -b*d. What are the prime factors of d?
2, 3
Suppose 5*y + 13 - 3 = 0. Let o = 23 - y. List the prime factors of o.
5
Let i(q) = -q + 1. Let t be i(-1). Suppose 0*k = t*k - 250. Suppose 41 = -4*a + k. List the prime factors of a.
3, 7
Suppose -4*a = -7*a + 201. What are the prime factors of a?
67
Let m(v) = 29*v - 2. Suppose 2*x - 4*x + 8 = -a, 4*a = -4*x + 4. Let j be m(x). Suppose 0*o = 5*o - j. List the prime factors of o.
17
Let k = 3 - 2. Suppose 13 - k = 2*b. List the prime factors of b.
2, 3
Suppose 0 = -5*f - 2*m - 42, -2*f + 4*m = -7*f - 44. Let t(o) = -o**3 - 7*o**2 + 6*o - 2. What are the prime factors of t(f)?
2, 7
Let u(y) = 2 - 5*y - 5 + 2*y**2 - 5. List the prime factors of u(5).
17
What are the prime factors of (123/(-4))/(0 - 4/16)?
3, 41
Suppose 484 = 2*q + 2*q. List the prime factors of q.
11
Let x be (36/(-8))/((-2)/(-4)). Let p = 25 + x. List the prime factors of p.
2
Suppose -54 = -3*b + 3. Suppose 3*z = -2*s - 1, -4*z = -2*s - 3*z + b. List the prime factors of s.
7
Let o be 4/12 - (-51)/9. Suppose o*r = 2*r + 120. List the prime factors of r.
2, 3, 5
Let x = -39 - -62. What are the prime factors of x?
23
Suppose -4*x + 1 + 7 = 0, -3*x - 21 = -3*i. Suppose -8*w + 4*w - 29 = 5*n, 0 = -2*w + 4*n - 8. What are t